{"id":1450,"date":"2023-05-24T22:03:44","date_gmt":"2023-05-24T15:03:44","guid":{"rendered":"https:\/\/chongsetminhhan.com\/?post_type=product&#038;p=1450"},"modified":"2023-05-24T22:41:45","modified_gmt":"2023-05-24T15:41:45","slug":"ong-thuy-tinh-cach-dien","status":"publish","type":"product","link":"https:\/\/chongsetminhhan.com\/?product=ong-thuy-tinh-cach-dien","title":{"rendered":"\u1ed0NG TH\u1ee6Y TINH C\u00c1CH \u0110I\u1ec6N"},"content":{"rendered":"<p>\u1ed0ng th\u1ee7y tinh c\u00e1ch \u0111i\u1ec7n d\u00f9ng \u0111\u1ec3 l\u1eafp \u0111\u1eb7t c\u00e1ch \u0111i\u1ec7n gi\u1eefa kim thu s\u00e9t v\u00e0 c\u1ed9t ch\u1ed1ng s\u00e9t.<\/p>\n<p>c\u00f3 \u0111\u1ee7 c\u00e1c lo\u1ea1i \u1ed1ng t\u1eeb D60 t\u1edbi D110 , chi\u1ec1u d\u00e0i t\u1eeb 1m t\u1edbi 3m<\/p>\n","protected":false},"excerpt":{"rendered":"<p>\u1ed0ng th\u1ee7y tinh c\u00e1ch \u0111i\u1ec7n d\u00f9ng \u0111\u1ec3 l\u1eafp \u0111\u1eb7t c\u00e1ch \u0111i\u1ec7n gi\u1eefa kim thu s\u00e9t v\u00e0 c\u1ed9t ch\u1ed1ng s\u00e9t. c\u00f3 \u0111\u1ee7 c\u00e1c lo\u1ea1i \u1ed1ng t\u1eeb D60 t\u1edbi D110 , chi\u1ec1u d\u00e0i t\u1eeb 1m t\u1edbi 3m<\/p>\n","protected":false},"featured_media":1414,"comment_status":"closed","ping_status":"closed","template":"","meta":[],"product_cat":[70,68],"product_tag":[],"class_list":{"0":"post-1450","1":"product","2":"type-product","3":"status-publish","4":"has-post-thumbnail","6":"product_cat-cot-chong-set","7":"product_cat-phu-kien-chong-set","9":"first","10":"instock","11":"shipping-taxable","12":"product-type-simple"},"_links":{"self":[{"href":"https:\/\/chongsetminhhan.com\/index.php?rest_route=\/wp\/v2\/product\/1450","targetHints":{"allow":["GET"]}}],"collection":[{"href":"https:\/\/chongsetminhhan.com\/index.php?rest_route=\/wp\/v2\/product"}],"about":[{"href":"https:\/\/chongsetminhhan.com\/index.php?rest_route=\/wp\/v2\/types\/product"}],"replies":[{"embeddable":true,"href":"https:\/\/chongsetminhhan.com\/index.php?rest_route=%2Fwp%2Fv2%2Fcomments&post=1450"}],"wp:featuredmedia":[{"embeddable":true,"href":"https:\/\/chongsetminhhan.com\/index.php?rest_route=\/wp\/v2\/media\/1414"}],"wp:attachment":[{"href":"https:\/\/chongsetminhhan.com\/index.php?rest_route=%2Fwp%2Fv2%2Fmedia&parent=1450"}],"wp:term":[{"taxonomy":"product_cat","embeddable":true,"href":"https:\/\/chongsetminhhan.com\/index.php?rest_route=%2Fwp%2Fv2%2Fproduct_cat&post=1450"},{"taxonomy":"product_tag","embeddable":true,"href":"https:\/\/chongsetminhhan.com\/index.php?rest_route=%2Fwp%2Fv2%2Fproduct_tag&post=1450"}],"curies":[{"name":"wp","href":"https:\/\/api.w.org\/{rel}","templated":true}]}}