{"id":1449,"date":"2023-05-24T22:01:18","date_gmt":"2023-05-24T15:01:18","guid":{"rendered":"https:\/\/chongsetminhhan.com\/?post_type=product&#038;p=1449"},"modified":"2023-05-24T22:01:18","modified_gmt":"2023-05-24T15:01:18","slug":"thiet-bi-chong-set-lan-truyen-proline","status":"publish","type":"product","link":"https:\/\/chongsetminhhan.com\/?product=thiet-bi-chong-set-lan-truyen-proline","title":{"rendered":"THI\u1ebeT B\u1eca CH\u1ed0NG S\u00c9T LAN TRUY\u1ec0N PROLINE"},"content":{"rendered":"<p>Thi\u1ebft b\u1ecb ch\u1ed1ng s\u00e9t lan truy\u1ec1n d\u00e0nh cho c\u00e1c t\u00f2a nh\u00e0 v\u0103n ph\u00f2ng, t\u00f2a nh\u00e0 chung c\u01b0 cao t\u1ea7ng v\u1edbi m\u1ee9c \u0111\u1ed9 b\u1ea3o v\u1ec7 cao<\/p>\n","protected":false},"excerpt":{"rendered":"<p>Thi\u1ebft b\u1ecb ch\u1ed1ng s\u00e9t lan truy\u1ec1n d\u00e0nh cho c\u00e1c t\u00f2a nh\u00e0 v\u0103n ph\u00f2ng, t\u00f2a nh\u00e0 chung c\u01b0 cao t\u1ea7ng v\u1edbi m\u1ee9c \u0111\u1ed9 b\u1ea3o v\u1ec7 cao<\/p>\n","protected":false},"featured_media":1429,"comment_status":"closed","ping_status":"closed","template":"","meta":[],"product_cat":[60],"product_tag":[],"class_list":{"0":"post-1449","1":"product","2":"type-product","3":"status-publish","4":"has-post-thumbnail","6":"product_cat-cac-hang-khac-chong-set-lan-truyen","8":"first","9":"instock","10":"shipping-taxable","11":"product-type-simple"},"_links":{"self":[{"href":"https:\/\/chongsetminhhan.com\/index.php?rest_route=\/wp\/v2\/product\/1449","targetHints":{"allow":["GET"]}}],"collection":[{"href":"https:\/\/chongsetminhhan.com\/index.php?rest_route=\/wp\/v2\/product"}],"about":[{"href":"https:\/\/chongsetminhhan.com\/index.php?rest_route=\/wp\/v2\/types\/product"}],"replies":[{"embeddable":true,"href":"https:\/\/chongsetminhhan.com\/index.php?rest_route=%2Fwp%2Fv2%2Fcomments&post=1449"}],"wp:featuredmedia":[{"embeddable":true,"href":"https:\/\/chongsetminhhan.com\/index.php?rest_route=\/wp\/v2\/media\/1429"}],"wp:attachment":[{"href":"https:\/\/chongsetminhhan.com\/index.php?rest_route=%2Fwp%2Fv2%2Fmedia&parent=1449"}],"wp:term":[{"taxonomy":"product_cat","embeddable":true,"href":"https:\/\/chongsetminhhan.com\/index.php?rest_route=%2Fwp%2Fv2%2Fproduct_cat&post=1449"},{"taxonomy":"product_tag","embeddable":true,"href":"https:\/\/chongsetminhhan.com\/index.php?rest_route=%2Fwp%2Fv2%2Fproduct_tag&post=1449"}],"curies":[{"name":"wp","href":"https:\/\/api.w.org\/{rel}","templated":true}]}}