{"id":1164,"date":"2023-03-19T07:21:32","date_gmt":"2023-03-19T00:21:32","guid":{"rendered":"https:\/\/chongsetminhhan.com\/?post_type=product&#038;p=1164"},"modified":"2023-03-19T07:21:32","modified_gmt":"2023-03-19T00:21:32","slug":"tec100-2l-van-can-bang-dang-the","status":"publish","type":"product","link":"https:\/\/chongsetminhhan.com\/?product=tec100-2l-van-can-bang-dang-the","title":{"rendered":"TEC100-2L (Van c\u00e2n b\u1eb1ng \u0111\u1eb3ng th\u1ebf)"},"content":{"rendered":"<p>Van c\u00e2n b\u1eb1ng \u0111\u1eb3ng th\u1ebf TEC ng\u0103n ch\u1eb7n s\u1ef1 ch\u00eanh l\u1ec7ch \u0111i\u1ec7n \u00e1p b\u00ad\u1edbc b\u1eb1ng c\u00e1ch ch\u1ec9 ho\u1ea1t \u0111\u1ed9ng trong nh\u1eefng \u0111i\u1ec1u ki\u1ec7n c\u00f3 xung \u00e1p \u0111\u1ec3 k\u1eb9p t\u1ea5t c\u1ea3 c\u00e1c h\u1ec7 th\u1ed1ng \u0111\u1ea5t \u0111\u00ad\u1ee3c n\u1ed1i v\u00e0o nhau m\u1ed9t c\u00e1ch hi\u1ec7u qu\u1ea3. Trong nh\u1eefng \u0111i\u1ec1u ki\u1ec7n b\u00ecnh th\u00ad\u01b0\u1eddng, van c\u00e2n b\u1eb1ng \u0111\u1eb3ng th\u1ebf TEC s\u1ebd m\u1edf m\u1ea1ch khi ch\u00eanh l\u1ec7ch \u0111i\u1ec7n th\u1ebf \u0111\u1ea5t v\u01b0\u00ad\u1ee3t qu\u00e1 \u0111i\u1ec7n \u00e1p c\u1ee7a van \u0111\u1eb3ng th\u1ebf, ngay l\u1eadp t\u1ee9c c\u00f3 s\u1ef1 d\u1eabn \u0111i\u1ec7n v\u00e0 \u0111i\u1ec7n \u00e1p b\u01b0\u00ad\u1edbc \u0111\u00ad\u01b0\u1ee3c c\u00e2n b\u1eb1ng. Van c\u00e2n b\u1eb1ng \u0111\u1eb3ng th\u1ebf TEC l\u00e0 lo\u1ea1i t\u1ef1 kh\u00f4i ph\u1ee5c sau m\u1ed7i l\u1ea7n ho\u1ea1t \u0111\u1ed9ng v\u00e0 c\u00f3 tu\u1ed5i th\u1ecd kho\u1ea3ng h\u01a1n 10 ngh\u00ecn l\u1ea7n ho\u1ea1t \u0111\u1ed9ng.<\/p>\n","protected":false},"excerpt":{"rendered":"<p>Van c\u00e2n b\u1eb1ng \u0111\u1eb3ng th\u1ebf TEC ng\u0103n ch\u1eb7n s\u1ef1 ch\u00eanh l\u1ec7ch \u0111i\u1ec7n \u00e1p b\u00ad\u1edbc b\u1eb1ng c\u00e1ch ch\u1ec9 ho\u1ea1t \u0111\u1ed9ng trong nh\u1eefng \u0111i\u1ec1u ki\u1ec7n c\u00f3 xung \u00e1p \u0111\u1ec3 k\u1eb9p t\u1ea5t c\u1ea3 c\u00e1c h\u1ec7 th\u1ed1ng \u0111\u1ea5t \u0111\u00ad\u1ee3c n\u1ed1i v\u00e0o nhau m\u1ed9t c\u00e1ch hi\u1ec7u qu\u1ea3. Trong nh\u1eefng \u0111i\u1ec1u ki\u1ec7n b\u00ecnh th\u00ad\u01b0\u1eddng, van c\u00e2n b\u1eb1ng \u0111\u1eb3ng th\u1ebf TEC s\u1ebd&#8230;<\/p>\n","protected":false},"featured_media":1165,"comment_status":"closed","ping_status":"closed","template":"","meta":[],"product_cat":[55],"product_tag":[],"class_list":{"0":"post-1164","1":"product","2":"type-product","3":"status-publish","4":"has-post-thumbnail","6":"product_cat-lpi","8":"first","9":"instock","10":"shipping-taxable","11":"product-type-simple"},"_links":{"self":[{"href":"https:\/\/chongsetminhhan.com\/index.php?rest_route=\/wp\/v2\/product\/1164","targetHints":{"allow":["GET"]}}],"collection":[{"href":"https:\/\/chongsetminhhan.com\/index.php?rest_route=\/wp\/v2\/product"}],"about":[{"href":"https:\/\/chongsetminhhan.com\/index.php?rest_route=\/wp\/v2\/types\/product"}],"replies":[{"embeddable":true,"href":"https:\/\/chongsetminhhan.com\/index.php?rest_route=%2Fwp%2Fv2%2Fcomments&post=1164"}],"wp:featuredmedia":[{"embeddable":true,"href":"https:\/\/chongsetminhhan.com\/index.php?rest_route=\/wp\/v2\/media\/1165"}],"wp:attachment":[{"href":"https:\/\/chongsetminhhan.com\/index.php?rest_route=%2Fwp%2Fv2%2Fmedia&parent=1164"}],"wp:term":[{"taxonomy":"product_cat","embeddable":true,"href":"https:\/\/chongsetminhhan.com\/index.php?rest_route=%2Fwp%2Fv2%2Fproduct_cat&post=1164"},{"taxonomy":"product_tag","embeddable":true,"href":"https:\/\/chongsetminhhan.com\/index.php?rest_route=%2Fwp%2Fv2%2Fproduct_tag&post=1164"}],"curies":[{"name":"wp","href":"https:\/\/api.w.org\/{rel}","templated":true}]}}