{"id":1151,"date":"2023-03-18T18:56:47","date_gmt":"2023-03-18T11:56:47","guid":{"rendered":"https:\/\/chongsetminhhan.com\/?post_type=product&#038;p=1151"},"modified":"2023-03-20T07:29:21","modified_gmt":"2023-03-20T00:29:21","slug":"liva-pex220","status":"publish","type":"product","link":"https:\/\/chongsetminhhan.com\/?product=liva-pex220","title":{"rendered":"LIVA PEX220"},"content":{"rendered":"<p><span class=\"x-el x-el-span c1-7t c1-7u c1-b c1-c c1-d c1-e c1-f c1-g x-d-ux\">im thu s\u00e9t hi\u1ec7n \u0111\u1ea1i Liva<br \/>\n<\/span><\/p>\n<p><span lang=\"vi\"><strong>H\u1ec6 TH\u1ed0NG HO\u1ea0T \u0110\u1ed8NG:<\/strong> Ho\u1ea1t \u0111\u1ed9ng theo nguy\u00ean t\u1eafc Ph\u00e1t x\u1ea1 tia ti\u00ean \u0111\u1ea1o s\u1edbm [E.S.E.], Hi\u1ec7u \u1ee9ng tr\u01b0\u1eddng kh\u00ed quy\u1ec3n \u0111i\u1ec7n t\u1eed Liva PEX220 LIVA \u0110\u1ea7u n\u0103ng l\u01b0\u1ee3ng t\u1eeb c\u1ed9t \u0111i\u1ec7n l\u1ea5y n\u0103ng l\u01b0\u1ee3ng t\u1eeb s\u1ef1 thay \u0111\u1ed5i c\u01b0\u1eddng \u0111\u1ed9 tr\u01b0\u1eddng t\u0129nh \u0111i\u1ec7n v\u00e0 \u0111i\u1ec7n t\u1eeb trong kh\u00f4ng kh\u00ed<\/span><\/p>\n<p><span lang=\"vi\"><em><strong>Kim lo\u1ea1i \u0111\u01b0\u1ee3c s\u1eed d\u1ee5ng:\u00a0<\/strong><\/em>Th\u00e9p kh\u00f4ng g\u1ec9 \u0111\u01b0\u1ee3c s\u1eed d\u1ee5ng trong \u0111\u1ea7u c\u1ed9t thu l\u00f4i, xem x\u00e9t c\u00e1c \u0111i\u1ec1u ki\u1ec7n t\u1ef1 nhi\u00ean n\u1eb7ng.<br \/>\n<strong><em>\u0110\u1ec9nh kim :<\/em><\/strong>\u00a0N\u00f3 \u0111\u01b0\u1ee3c l\u00e0m b\u1eb1ng th\u00e9p kh\u00f4ng g\u1ec9 c\u00f3 \u0111\u01b0\u1eddng k\u00ednh 25 mm v\u00e0 b\u1eaft \u0111\u01b0\u1ee3c tia s\u00e9t.<br \/>\n<strong><em>Kh\u1ed1i n\u0103ng l\u01b0\u1ee3ng \u0111i\u1ec7n kh\u00ed quy\u1ec3n:<\/em><\/strong>\u00a0\u0110\u00e2y l\u00e0 ph\u1ea7n \u0111\u1ed9c l\u1eadp tr\u1ee5c gi\u1eefa c\u00f3 ch\u1ee9a m\u1ed9t m\u00e1y ph\u00e1t xung \u0111i\u1ec7n \u00e1p cao.<br \/>\n<strong><em>C\u00e1c \u0111i\u1ec7n c\u1ef1c ion:<\/em>\u00a0<\/strong>\u0110\u00e2y l\u00e0 c\u00e1c \u0111i\u1ec7n c\u1ef1c cho ph\u00e9p c\u00e1c xung \u0111i\u1ec7n \u00e1p cao \u0111\u01b0\u1ee3c t\u1ea1o ra trong m\u00e1y ph\u00e1t xung \u0111i\u1ec7n \u00e1p cao t\u1ea1o th\u00e0nh c\u00e1c ion<\/span><\/p>\n","protected":false},"excerpt":{"rendered":"<p><span class=\"x-el x-el-span c1-7t c1-7u c1-b c1-c c1-d c1-e c1-f c1-g x-d-ux\">Model: Liva PEX220<\/span><\/p>\n<p><span class=\"x-el x-el-span c1-7t c1-7u c1-b c1-c c1-d c1-e c1-f c1-g x-d-ux\">B\u00e1n k\u00ednh b\u1ea3o v\u1ec7: 188m<\/span><\/p>\n<p><span class=\"x-el x-el-span c1-7t c1-7u c1-b c1-c c1-d c1-e c1-f c1-g x-d-ux\">C\u1ea5p b\u1ea3o v\u1ec7: c\u1ea5p 4<\/span><\/p>\n<p><span class=\"x-el x-el-span c1-7t c1-7u c1-b c1-c c1-d c1-e c1-f c1-g x-d-ux\">Xu\u1ea5t X\u1ee9: Th\u1ed5 Nh\u0129 K\u1ef3<\/span><\/p>\n<p><span class=\"x-el x-el-span c1-7t c1-7u c1-b c1-c c1-d c1-e c1-f c1-g x-d-ux\">Ch\u1ee9ng t\u1eeb: H\u00f3a \u0111\u01a1n, CO, CQ<\/span><\/p>\n","protected":false},"featured_media":1250,"comment_status":"closed","ping_status":"closed","template":"","meta":[],"product_cat":[15],"product_tag":[74,100],"class_list":{"0":"post-1151","1":"product","2":"type-product","3":"status-publish","4":"has-post-thumbnail","6":"product_cat-chua-phan-loai","7":"product_tag-liva","8":"product_tag-pex220","10":"first","11":"instock","12":"shipping-taxable","13":"product-type-simple"},"_links":{"self":[{"href":"https:\/\/chongsetminhhan.com\/index.php?rest_route=\/wp\/v2\/product\/1151","targetHints":{"allow":["GET"]}}],"collection":[{"href":"https:\/\/chongsetminhhan.com\/index.php?rest_route=\/wp\/v2\/product"}],"about":[{"href":"https:\/\/chongsetminhhan.com\/index.php?rest_route=\/wp\/v2\/types\/product"}],"replies":[{"embeddable":true,"href":"https:\/\/chongsetminhhan.com\/index.php?rest_route=%2Fwp%2Fv2%2Fcomments&post=1151"}],"wp:featuredmedia":[{"embeddable":true,"href":"https:\/\/chongsetminhhan.com\/index.php?rest_route=\/wp\/v2\/media\/1250"}],"wp:attachment":[{"href":"https:\/\/chongsetminhhan.com\/index.php?rest_route=%2Fwp%2Fv2%2Fmedia&parent=1151"}],"wp:term":[{"taxonomy":"product_cat","embeddable":true,"href":"https:\/\/chongsetminhhan.com\/index.php?rest_route=%2Fwp%2Fv2%2Fproduct_cat&post=1151"},{"taxonomy":"product_tag","embeddable":true,"href":"https:\/\/chongsetminhhan.com\/index.php?rest_route=%2Fwp%2Fv2%2Fproduct_tag&post=1151"}],"curies":[{"name":"wp","href":"https:\/\/api.w.org\/{rel}","templated":true}]}}