{"id":1128,"date":"2023-03-16T00:36:48","date_gmt":"2023-03-15T17:36:48","guid":{"rendered":"https:\/\/chongsetminhhan.com\/?post_type=product&#038;p=1128"},"modified":"2023-03-19T09:25:14","modified_gmt":"2023-03-19T02:25:14","slug":"coc-tiep-dia-bang-dong-do","status":"publish","type":"product","link":"https:\/\/chongsetminhhan.com\/?product=coc-tiep-dia-bang-dong-do","title":{"rendered":"C\u1eccC TI\u1ebeP \u0110\u1ecaA B\u1eb0NG \u0110\u1ed2NG \u0110\u1ece"},"content":{"rendered":"<p>C\u1ecdc \u0111\u1ed3ng \u0111\u1ecf ti\u1ebfp \u0111\u1ecba, c\u1ecdc \u0111\u1ed3ng \u0111\u1ecf, c\u1ecdc ti\u1ebfp \u0111\u1ecba \u0111\u1ed3ng \u0111\u1ecf, c\u1ecdc ti\u1ebfp\u00a0\u0111\u1ecba\u00a0\u0111\u1ed3ng\u00a0\u0111\u1ecf phi 14, c\u1ecdc ti\u1ebfp\u00a0\u0111\u1ecba\u00a0\u0111\u1ed3ng\u00a0\u0111\u1ecf phi 16, c\u1ecdc ti\u1ebfp\u00a0\u0111\u1ecba\u00a0\u0111\u1ed3ng\u00a0\u0111\u1ecf phi 18, c\u1ecdc ti\u1ebfp\u00a0\u0111\u1ecba\u00a0\u0111\u1ed3ng\u00a0\u0111\u1ecf phi 20, c\u1ecdc\u00a0\u0111\u1ed3ng\u00a0\u0111\u1ecf D14, c\u1ecdc\u00a0\u0111\u1ed3ng\u00a0\u0111\u1ecf D16, c\u1ecdc\u00a0\u0111\u1ed3ng\u00a0\u0111\u1ecf D20<\/p>\n<p>&nbsp;<\/p>\n","protected":false},"excerpt":{"rendered":"<p>C\u1ecdc \u0111\u1ed3ng \u0111\u1ecf, \u0111\u1ed3ng v\u00e0ng<\/p>\n<p>D14x2,4m<\/p>\n<p>D16x2,4m<\/p>\n<p>D20x2,4m<\/p>\n<p>v\u00e0 c\u00e1c k\u00edch th\u01b0\u1edbc kh\u00e1c nhau<\/p>\n","protected":false},"featured_media":1129,"comment_status":"closed","ping_status":"closed","template":"","meta":[],"product_cat":[63],"product_tag":[91,92,90],"class_list":{"0":"post-1128","1":"product","2":"type-product","3":"status-publish","4":"has-post-thumbnail","6":"product_cat-coc-tiep-dia-bang-dong-tiep-dia","7":"product_tag-coc-dong","8":"product_tag-coc-dong-do","9":"product_tag-coc-tiep-dia","11":"first","12":"instock","13":"shipping-taxable","14":"product-type-simple"},"_links":{"self":[{"href":"https:\/\/chongsetminhhan.com\/index.php?rest_route=\/wp\/v2\/product\/1128","targetHints":{"allow":["GET"]}}],"collection":[{"href":"https:\/\/chongsetminhhan.com\/index.php?rest_route=\/wp\/v2\/product"}],"about":[{"href":"https:\/\/chongsetminhhan.com\/index.php?rest_route=\/wp\/v2\/types\/product"}],"replies":[{"embeddable":true,"href":"https:\/\/chongsetminhhan.com\/index.php?rest_route=%2Fwp%2Fv2%2Fcomments&post=1128"}],"wp:featuredmedia":[{"embeddable":true,"href":"https:\/\/chongsetminhhan.com\/index.php?rest_route=\/wp\/v2\/media\/1129"}],"wp:attachment":[{"href":"https:\/\/chongsetminhhan.com\/index.php?rest_route=%2Fwp%2Fv2%2Fmedia&parent=1128"}],"wp:term":[{"taxonomy":"product_cat","embeddable":true,"href":"https:\/\/chongsetminhhan.com\/index.php?rest_route=%2Fwp%2Fv2%2Fproduct_cat&post=1128"},{"taxonomy":"product_tag","embeddable":true,"href":"https:\/\/chongsetminhhan.com\/index.php?rest_route=%2Fwp%2Fv2%2Fproduct_tag&post=1128"}],"curies":[{"name":"wp","href":"https:\/\/api.w.org\/{rel}","templated":true}]}}