{"id":1303,"date":"2023-04-24T14:25:34","date_gmt":"2023-04-24T07:25:34","guid":{"rendered":"https:\/\/chongsetminhhan.com\/?page_id=1303"},"modified":"2023-05-24T10:17:36","modified_gmt":"2023-05-24T03:17:36","slug":"dich-vu","status":"publish","type":"page","link":"https:\/\/chongsetminhhan.com\/?page_id=1303","title":{"rendered":"D\u1ecbch V\u1ee5 Ki\u1ec3m \u0110\u1ecbnh"},"content":{"rendered":"<p>H\u1eb1ng n\u0103m \u0111\u1ecbnh k\u1ef3 tr\u01b0\u1edbc m\u1ed7i m\u00f9a m\u01b0a b\u00e3o c\u00e1c t\u00f2a nh\u00e0 v\u0103n ph\u00f2ng, t\u00f2a nh\u00e0 l\u00e0m vi\u1ec7c, c\u00e1c chung c\u01b0 cao t\u1ea7ng, nh\u00e0 x\u01b0\u1edfng \u0111\u1ec1u n\u00ean \u0111o ki\u1ec3m tra l\u1ea1i h\u1ec7 th\u1ed1ng ti\u1ebfp \u0111\u1ea5t c\u00f3 \u0111\u1ea3m b\u1ea3o y\u00eau c\u1ea7u hay kh\u00f4ng, h\u1ec7 th\u1ed1ng kim thu s\u00e9t, d\u00e2y d\u1eabn s\u00e9t c\u00f3 \u0111\u1ea3m b\u1ea3o hay kh\u00f4ng ?.<\/p>\n<p>Theo<em><strong>\u00a0ti\u00eau chu\u1ea9n ch\u1ed1ng s\u00e9t TCVN 9385:2012\u00a0<\/strong><\/em><\/p>\n<p><strong>\u2013 \u0110i\u1ec7n tr\u1edf h\u1ec7 ti\u1ebfp \u0111\u1ecba\u00a0 cho ch\u1ed1ng s\u00e9t tr\u1ef1c ti\u1ebfp l\u00e0 &lt; 10 \u03a9<\/strong><\/p>\n<p><strong>\u2013 \u0110i\u1ec7n tr\u1edf ti\u1ebfp \u0111\u1ecba an to\u00e0n \u0111i\u1ec7n, ti\u1ebfp \u0111\u1ecba ch\u1ed1ng s\u00e9t lan truy\u1ec1n &lt; 4 \u03a9<\/strong><\/p>\n<p><strong>\u2013 \u0110i\u1ec7n tr\u1edf ti\u1ebfp \u0111\u1ecba an to\u00e0n \u0111i\u1ec7n nh\u1eb9\u00a0 &lt; 1 \u03a9\u00a0<\/strong><\/p>\n<p><strong>\u2013 \u0110i\u1ec7n tr\u1edf m\u1ed9t s\u1ed1 c\u00f4ng tr\u00ecnh \u0111\u1eb7c bi\u1ec7t (m\u00e1y m\u00f3c y t\u1ebf, nh\u00e0 m\u00e1y th\u1ee7y \u0111i\u1ec7n vv) c\u00f3 th\u1ec3 y\u00eau c\u1ea7u v\u1ec1&lt;\u00a0 0.5\u03a9\u00a0<\/strong><\/p>\n<p><img loading=\"lazy\" decoding=\"async\" class=\"alignnone size-medium wp-image-1321\" src=\"https:\/\/chongsetminhhan.com\/wp-content\/uploads\/2023\/05\/1925168dfe940cca5585-225x300.jpg\" alt=\"\" width=\"225\" height=\"300\" srcset=\"https:\/\/chongsetminhhan.com\/wp-content\/uploads\/2023\/05\/1925168dfe940cca5585-225x300.jpg 225w, https:\/\/chongsetminhhan.com\/wp-content\/uploads\/2023\/05\/1925168dfe940cca5585-770x1024.jpg 770w, https:\/\/chongsetminhhan.com\/wp-content\/uploads\/2023\/05\/1925168dfe940cca5585-768x1022.jpg 768w, https:\/\/chongsetminhhan.com\/wp-content\/uploads\/2023\/05\/1925168dfe940cca5585-510x679.jpg 510w, https:\/\/chongsetminhhan.com\/wp-content\/uploads\/2023\/05\/1925168dfe940cca5585.jpg 962w\" sizes=\"auto, (max-width: 225px) 100vw, 225px\" \/><\/p>\n<p>Hi\u1ec7n nay m\u1ed9t s\u1ed1 c\u00f4ng tr\u00ecnh trong x\u00e2y d\u1ef1ng b\u1eaft bu\u1ed9c ph\u1ea3i c\u00f3 gi\u1ea5y \u0111o \u0111i\u1ec7n tr\u1edf \u0111\u1ec3 khi c\u01a1 quan Ph\u00f2ng Ch\u00e1y Ch\u1eefa Ch\u00e1y ki\u1ec3m tra kh\u00f4ng b\u1ecb x\u1eed ph\u1ea1t theo lu\u1eadt PCCC . Quy \u0111\u1ecbnh l\u1eafp \u0111\u1eb7t ch\u1ed1ng s\u00e9t \u0111\u01b0\u1ee3c quy \u0111\u1ecbnh chi ti\u1ebft t\u1ea1i\u00a0ngh\u1ecb \u0111\u1ecbnh 79\/2014.<\/p>\n<p>\u0110\u1ec3 \u0111\u00e1p \u1ee9ng nhu c\u1ea7u c\u1ee7a qu\u00fd kh\u00e1ch, C\u00f4ng ty Minh H\u00e2n cung c\u1ea5p g\u00f3i d\u1ecbch v\u1ee5 \u0111o ki\u1ec3m, b\u1ea3o d\u01b0\u1ee1ng, b\u1ea3o tr\u00ec h\u1ec7 th\u1ed1ng ch\u1ed1ng s\u00e9t c\u0169ng nh\u01b0 cung c\u1ea5p k\u1ebft qu\u1ea3 ki\u1ec3m \u0111\u1ecbnh sau khi \u0111o ki\u1ec3m.<\/p>\n<h1>H\u00e3y li\u00ean h\u1ec7 <strong>Hotline 096.458.3553<\/strong> \u0111\u1ec3 \u0111\u01b0\u1ee3c t\u01b0 v\u1ea5n t\u1ed1t nh\u1ea5t.<\/h1>\n<p>&nbsp;<\/p>\n","protected":false},"excerpt":{"rendered":"<p>H\u1eb1ng n\u0103m \u0111\u1ecbnh k\u1ef3 tr\u01b0\u1edbc m\u1ed7i m\u00f9a m\u01b0a b\u00e3o c\u00e1c t\u00f2a nh\u00e0 v\u0103n ph\u00f2ng, t\u00f2a nh\u00e0 l\u00e0m vi\u1ec7c, c\u00e1c chung c\u01b0 cao t\u1ea7ng, nh\u00e0 x\u01b0\u1edfng \u0111\u1ec1u n\u00ean \u0111o ki\u1ec3m tra l\u1ea1i h\u1ec7 th\u1ed1ng ti\u1ebfp \u0111\u1ea5t c\u00f3 \u0111\u1ea3m b\u1ea3o y\u00eau c\u1ea7u hay kh\u00f4ng, h\u1ec7 th\u1ed1ng kim thu s\u00e9t, d\u00e2y d\u1eabn s\u00e9t c\u00f3 \u0111\u1ea3m b\u1ea3o hay kh\u00f4ng&#8230;<\/p>\n","protected":false},"author":3,"featured_media":0,"parent":0,"menu_order":0,"comment_status":"closed","ping_status":"closed","template":"page-left-sidebar.php","meta":{"footnotes":""},"class_list":["post-1303","page","type-page","status-publish","hentry"],"_links":{"self":[{"href":"https:\/\/chongsetminhhan.com\/index.php?rest_route=\/wp\/v2\/pages\/1303","targetHints":{"allow":["GET"]}}],"collection":[{"href":"https:\/\/chongsetminhhan.com\/index.php?rest_route=\/wp\/v2\/pages"}],"about":[{"href":"https:\/\/chongsetminhhan.com\/index.php?rest_route=\/wp\/v2\/types\/page"}],"author":[{"embeddable":true,"href":"https:\/\/chongsetminhhan.com\/index.php?rest_route=\/wp\/v2\/users\/3"}],"replies":[{"embeddable":true,"href":"https:\/\/chongsetminhhan.com\/index.php?rest_route=%2Fwp%2Fv2%2Fcomments&post=1303"}],"version-history":[{"count":6,"href":"https:\/\/chongsetminhhan.com\/index.php?rest_route=\/wp\/v2\/pages\/1303\/revisions"}],"predecessor-version":[{"id":1322,"href":"https:\/\/chongsetminhhan.com\/index.php?rest_route=\/wp\/v2\/pages\/1303\/revisions\/1322"}],"wp:attachment":[{"href":"https:\/\/chongsetminhhan.com\/index.php?rest_route=%2Fwp%2Fv2%2Fmedia&parent=1303"}],"curies":[{"name":"wp","href":"https:\/\/api.w.org\/{rel}","templated":true}]}}